Suppose 0 = 5*s - 5*j - 1375, 1407 = 7*s - 2*s + 3*j. Let o = -114 + s. What is the greatest common divisor of o and 15?
15
Suppose 0*z = 4*z. Suppose -4*k + 8*k - 792 = 0. Suppose -2*v + z*v + k = 0. What is the highest common divisor of v and 9?
9
Suppose -2*b - 15 = -125. Suppose 6*y - b = y - 5*f, -21 = -y + 4*f. What is the greatest common factor of y and 104?
13
Suppose 5*r = -6 + 26. Suppose r*i = -0*i + 228. What is the greatest common divisor of i and 38?
19
Let d(k) be the first derivative of k**3/3 - 3*k**2 + 15*k - 10. Let m be d(7). Let q = 78 - 45. Calculate the greatest common factor of q and m.
11
Let h = -3 - -7. What is the highest common divisor of 8 and h?
4
Let t(m) = m**3 - m**2 - 2*m - 2. Let x be t(4). Let b be x/5 - (-8)/20. Let h be ((-45)/12)/((-3)/b). Calculate the greatest common factor of h and 1.
1
Let h be (6/4)/(1/4). Calculate the highest common divisor of h and 2.
2
Suppose k + 2 = -2. Let z = k - -7. Suppose 490 = 2*w + z*w. What is the highest common divisor of w and 14?
14
Let r be (-2)/4*(-12 + 6). Suppose -219 = -3*l + r*x, 3*l - 5*l = x - 158. Suppose 3 = h, -2*h - 32 = 5*o - 93. What is the greatest common divisor of l and o?
11
Let z = 5 + 7. Suppose 0 = 6*j - j. Suppose j = -3*c + 287 + 37. Calculate the highest common divisor of c and z.
12
Suppose 2*a + a = -m + 7, a + 21 = 3*m. Let f(k) = 3*k**2 - 5*k - 8. Let o be f(6). Calculate the greatest common divisor of m and o.
7
Let n(u) = u**3 + 4*u**2 + 3*u + 3. Let b be n(-3). Let g = 6 - b. Let j = 15 - g. Calculate the greatest common factor of j and 18.
6
Let r = -34 + 127. Let b = r + -130. Let x = b + 64. Calculate the highest common factor of x and 3.
3
Let v be (-16)/(-12) + (-1)/3. Let g be (0 - v) + 4 - 2. What is the greatest common divisor of 2 and g?
1
Suppose 0 = 5*f + 114 - 39. Let r = 31 + f. Calculate the greatest common factor of r and 128.
16
Let b(o) be the third derivative of 7*o**4/24 - 3*o**3/2 + 7*o**2. Let s be b(6). What is the highest common factor of s and 66?
33
Let o = -12 + 36. What is the greatest common divisor of o and 120?
24
Suppose -6*h + 23 = -5*h. Calculate the greatest common factor of h and 207.
23
Suppose -y + 5*y = 576. Let c(r) = -r + 2. Let v be c(-6). Suppose 3*a - 39 - 1 = 2*f, 0 = -a + 2*f + v. What is the greatest common factor of a and y?
16
Let w be ((-27)/(-4))/((-22)/(-264)). What is the greatest common factor of 27 and w?
27
Let m(r) = 5*r - 7. Let i be m(7). Suppose 4*w = 4*v - 32, 0 = -0*v - 5*v + w + i. What is the greatest common divisor of v and 25?
5
Let l = -11 - -14. Let w be (-4)/4 + (-22)/(-1). What is the highest common divisor of w and l?
3
Let v(p) = -p**2 - 16*p. Let j be v(-8). Let u be 0*3/6 + j. Calculate the highest common factor of u and 16.
16
Suppose -4*w - 7 = 9. Let q(u) = 5*u**2 + u + 1. Let y be q(w). Let c be 3*1/(9/21). What is the greatest common factor of c and y?
7
Suppose 3*n + 5*t + 1 = 0, n = 4*n - t - 29. What is the greatest common factor of 8 and n?
8
Let y = 5 + 14. Let x = 9 - -10. What is the highest common factor of x and y?
19
Suppose -k = -0 - 9. What is the highest common factor of 63 and k?
9
Let l be 28/7*(-22)/(-4). Let m(g) be the third derivative of g**5/60 - g**4/12 - g**3/6 - g**2. Let n be m(-1). What is the highest common divisor of n and l?
2
Suppose -5*i = -5 - 5. Suppose -3*t = i*p - 17, -4*t + 3*p + 5 = -46. What is the highest common factor of t and 27?
9
Let k = 10 - 10. Let z be (-2)/((-4)/10 + 0). Suppose -2*f = z*b - 1, f + f - 5*b - 51 = k. What is the highest common divisor of 13 and f?
13
Let k be -1 - (30/(-3) - 3). Let d be k/40*62*5. What is the highest common factor of d and 62?
31
Let y be -2*12/8*-16. Suppose f = -3*f + y. Let z = -5 - -8. Calculate the highest common factor of f and z.
3
Let w(f) = -f - 10. Let n be w(-12). Calculate the highest common divisor of 1 and n.
1
Suppose -4*s = -3*s - 10. Let q(h) = 14*h + 2. Suppose 4*p + 3*r = 1 + 7, 4 = 2*p - 2*r. Let a be q(p). Calculate the highest common factor of a and s.
10
Let g(o) = -4*o. Let x be g(-1). Let f be (24/15)/(4/10). Calculate the greatest common factor of f and x.
4
Let p(z) = z**3 - z**2 + 2. Let k be p(0). Suppose 4*t = 8*t + o - 155, 5*t - 196 = -k*o. Suppose 14 = 4*a - t. What is the highest common factor of 65 and a?
13
Suppose m = -3*l + 2*l - 1, -3*m - 2*l = -2. Let t be 20/30 - (-164)/6. Calculate the greatest common divisor of t and m.
4
Suppose -3*w + 104 = 4*u, -5*u + 98 + 8 = 3*w. What is the highest common factor of 48 and w?
16
Let d(b) = 0*b + 7 + 3 - b. Let a be d(-8). Let r be (4/(-3))/(2/(-3)). What is the greatest common factor of a and r?
2
Suppose j = 6*j. Suppose 0 = -3*l - 6, -3*l - 5 = 5*q - 24. Suppose j*k - q*k = -90. Calculate the greatest common factor of k and 6.
6
Let j be (-71)/(-5) - (-5)/(-25). Calculate the highest common divisor of j and 70.
14
Let f be (21/(-9))/((-2)/6). Let z be 1854/24 - (-2)/(-8). Calculate the highest common factor of z and f.
7
Suppose -4*q + 9*q - 4*t = 1251, 0 = -5*q - 2*t + 1227. What is the highest common divisor of q and 19?
19
Let r be (16/(-3))/(-2) + (-31)/(-93). Let t be 6/8*(34 + 2). What is the greatest common divisor of r and t?
3
Suppose p - 17 = -2*b - 3*b, p - b - 5 = 0. What is the greatest common divisor of 63 and p?
7
Suppose 5*r + 0*r = 3*p + 354, 0 = 2*r - 3*p - 138. Let i be 4/(-20) + (-41)/(-5). Calculate the greatest common factor of r and i.
8
Suppose -2*p + 10 = -2*t, 4*p = -t + 4*t + 16. Let l = t + 6. Suppose -13 = -l*o + 3. What is the highest common divisor of 4 and o?
4
Suppose 0 = -8*f + 212 - 68. Let v = -6 + 24. What is the highest common divisor of f and v?
18
Let x = 2 + 3. Calculate the greatest common divisor of 25 and x.
5
Let s be (-2)/(-9) - 4/18. Let u be (-8)/(s + (-2 - -1)). Let w = -96 - -168. Calculate the highest common divisor of w and u.
8
Let t(u) = u**2 - 5*u - 2. Let d be t(4). Let g be ((-7)/2 + 1)*d. Calculate the highest common factor of g and 6.
3
Suppose 5*m = 5, 2*m - 10 = -a + 3. Calculate the greatest common divisor of a and 44.
11
Suppose -3*i + 23 - 3 = 5*f, i - 5 = 0. Suppose 0*s - 11 = -s. Calculate the highest common factor of f and s.
1
Let g(v) be the second derivative of v**5/20 - 7*v**4/12 + v**3/6 + 9*v**2/2 + 2*v. Let f be g(7). Let i = f + 1. What is the highest common factor of i and 17?
17
Let m be -1 - (-3)/((-6)/(-26)). Let g(a) = a**3 - 7*a**2 - 7*a + 2. Let v be g(9). Let u be v - -5 - (0 - 2). What is the greatest common divisor of m and u?
12
Suppose 0*f + 4*f = -4, 857 = 2*m + f. Suppose d - m = -3*v, -20 - 123 = -v - 3*d. Calculate the greatest common factor of v and 13.
13
Suppose -3*x - 2*a = -0*x - 9, -x - 4*a = -3. Suppose -x = 2*m - 23. What is the highest common factor of 15 and m?
5
Suppose 0 = -3*r - 3*u + 54, -77 = -4*r + u - 4*u. Calculate the highest common divisor of r and 69.
23
Let o be ((-3)/(-2))/((-1)/(-2)). Suppose -2*h = o*h - 20. What is the greatest common factor of h and 4?
4
Suppose -2*l = -44 - 2. Suppose -l = -2*a - 5*d, 3*a = 2*a + 3*d - 5. Let k be ((-32)/(-3))/(a/48). Calculate the greatest common divisor of k and 16.
16
Let x = 19 + -17. Calculate the highest common factor of x and 2.
2
Suppose -2*t + 20 = 8. Calculate the greatest common divisor of 12 and t.
6
Let a(d) = 16*d**2 - d. Let v be a(-1). Suppose u - 4*p = 18, -2*p - 2*p - 16 = 0. Suppose u*g = 58 + 44. What is the greatest common divisor of v and g?
17
Let g be -2 - ((-4 - -2) + -44). Calculate the greatest common factor of 11 and g.
11
Suppose 5*v = -2*q + 619, -2*v - 3*q + q = -244. What is the greatest common divisor of 25 and v?
25
Let a(i) = 5*i**2 + 3*i - 2. Let j be a(3). Suppose 5*f - q - 88 = 0, 5*f - 4*q - 104 = -22. Let u = f + j. What is the highest common divisor of u and 7?
7
Suppose 0 + 3 = -3*f + 3*m, 4*f + 7 = 5*m. Calculate the greatest common factor of 2 and f.
2
Let q = -5 - -3. Let y be -47*(q - 9/(-3)). Let j = y + 71. What is the highest common divisor of j and 8?
8
Suppose o + 2*o - 19 = t, o - 2*t = 13. Let u be 6/21 + (-416)/(-14). Calculate the greatest common factor of o and u.
5
Let s(j) = 4*j**2 + 13*j - 10. Let w be s(-5). Calculate the greatest common factor of 25 and w.
25
Let m(u) = u**2 - 2*u - 